143222 (base 5) in base 2?
1100111011001001
What is -2021002 (base 4) in base 2?
-10001001000010
Convert 266 (base 13) to base 3.
120122
1123 (base 4) to base 3
10101
Convert -1343134 (base 5) to base 2.
-110110100001111
What is 2131310 (base 4) in base 11?
7652
What is -2279 (base 13) in base 7?
-20042
Convert -1d05 (base 14) to base 5.
-132142
Convert 11302 (base 4) to base 16.
172
2200002 (base 4) to base 15
307c
Convert -31e (base 15) to base 3.
-222002
-5a5a (base 13) to base 3
-122111020
What is 46612 (base 7) in base 2?
10111010111101
-663 (base 10) to base 4
-22113
-102213 (base 4) to base 16
-4a7
What is -1022200 (base 3) in base 5?
-12323
-114032 (base 5) to base 6
-31431
-26154 (base 7) to base 13
-3216
-33624 (base 8) to base 2
-11011110010100
-15262 (base 12) to base 4
-13100222
-936 (base 12) to base 14
-6b8
Convert 452 (base 16) to base 15.
4db
100000100001001 (base 2) to base 13
7769
What is -1101001011 (base 2) in base 4?
-31023
What is -2d4e (base 16) in base 6?
-125410
1001000100 (base 2) to base 6
2404
221102 (base 3) to base 9
842
Convert -263 (base 8) to base 6.
-455
Convert -1622 (base 9) to base 4.
-103103
17500 (base 8) to base 6
101012
15122 (base 6) to base 8
4572
4634 (base 11) to base 16
17c7
3270 (base 8) to base 6
11544
Convert -311 (base 6) to base 4.
-1303
Convert -2034 (base 6) to base 9.
-554
Convert -7a09 (base 12) to base 2.
-11010011101001
What is -6505 (base 10) in base 15?
-1dda
dc7 (base 14) to base 9
3655
Convert -1414 (base 5) to base 16.
-ea
Convert -200001 (base 3) to base 10.
-487
What is 11110020 (base 3) in base 5?
100441
Convert -3001 (base 7) to base 5.
-13110
Convert -446 (base 11) to base 6.
-2250
Convert 11404 (base 5) to base 8.
1526
3224 (base 6) to base 7
2101
Convert -331324 (base 5) to base 12.
-6774
400 (base 13) to base 6
3044
Convert -433302 (base 5) to base 9.
-22304
-1313 (base 5) to base 14
-10c
Convert 1a2 (base 11) to base 7.
452
Convert -26256 (base 7) to base 4.
-1231113
2432 (base 6) to base 4
21110
Convert -b270 (base 13) to base 10.
-24596
Convert -b7e (base 15) to base 4.
-220202
110100010010111 (base 2) to base 11
19131
What is 22001 (base 4) in base 5?
10031
Convert 24134 (base 10) to base 11.
17150
Convert 2b4 (base 12) to base 14.
224
102131 (base 4) to base 8
2235
6a (base 11) to base 6
204
Convert 181 (base 16) to base 12.
281
Convert 249 (base 12) to base 5.
2340
Convert 68503 (base 9) to base 16.
b226
What is -27336 (base 9) in base 6?
-221353
Convert -1142443 (base 6) to base 9.
-101540
Convert 12769 (base 10) to base 15.
3bb4
-1042 (base 14) to base 12
-1756
Convert 11010200 (base 3) to base 2.
101111000111
-434400 (base 5) to base 11
-10284
What is 2caa (base 13) in base 4?
1212202
Convert 97 (base 14) to base 3.
11221
214b (base 14) to base 12
33b3
-2023212 (base 4) to base 9
-13226
-12231001 (base 4) to base 12
-13a81
-220110201 (base 3) to base 11
-12448
-7b (base 15) to base 14
-84
What is 217 (base 16) in base 2?
1000010111
What is -1562 (base 9) in base 12?
-832
What is 1b7 (base 12) in base 2?
100011011
Convert 51011 (base 6) to base 11.
5044
Convert -1dc2 (base 15) to base 6.
-50002
-2412401 (base 5) to base 11
-30670
1324 (base 6) to base 11
28a
-101032 (base 4) to base 3
-1111211
What is 3777 (base 10) in base 15?
11bc
d1 (base 16) to base 4
3101
-9e6 (base 15) to base 7
-6351
573 (base 9) to base 13
2a3
-16116 (base 8) to base 7
-30061
1071 (base 11) to base 4
112001
-101211 (base 3) to base 15
-147
Convert -486b (base 15) to base 13.
-7019
What is 5bd9 (base 14) in base 2?
11111011000011
-9085 (base 11) to base 15
-389c
Convert a5 (base 14) to base 6.
401
Convert -1221143 (base 6) to base 5.
-4040304
Convert 311 (base 4) to base 12.
45
What is -44 (base 11) in base 3?
-1210
Convert -32c (base 15) to base 7.
-2043
-1012022 (base 3) to base 7
-2354
Convert -760 (base 12) to base 15.
-4c0
Convert 222022002 (base 3) to base 14.
6db6
223230 (base 5) to base 13
37ca
-3599 (base 12) to base 14
-22a1
Convert -30 (base 7) to base 6.
-33
Convert 14120 (base 13) to base 15.
b1ce
What is -14111 (base 5) in base 8?
-2204
Convert 410 (base 8) to base 2.
100001000
Convert 1000111000 (base 2) to base 9.
701
Convert 1101111 (base 3) to base 14.
524
What is -2356 (base 7) in base 15?
-3d4
342 (base 12) to base 14
266
8f6 (base 16) to base 5
33134
What is 9a85 (base 11) in base 8?
31742
Convert -355 (base 16) to base 11.
-706
Convert 1361 (base 9) to base 10.
1027
-4711 (base 14) to base 13
-5820
Convert -323 (base 13) to base 3.
-201212
What is -6500 (base 8) in base 7?
-12614
-1051 (base 6) to base 3
-100011
Convert 35a3 (base 12) to base 15.
1bbc
What is -20470 (base 9) in base 13?
-61c2
Convert -111000111101 (base 2) to base 16.
-e3d
101241 (base 6) to base 8
17631
Convert -61 (base 16) to base 6.
-241
60253 (base 7) to base 10
14542
7794 (base 11) to base 13
489a
Convert -53357 (base 9) to base 10.
-35287
-10012011 (base 4) to base 5
-1014043
-3602 (base 8) to base 4
-132002
33001 (base 6) to base 14
1921
-4104 (base 8) to base 2
-100001000100
-111110100111 (base 2) to base 12
-239b
What is 16306 (base 7) in base 9?
6284
What is 55144 (base 6) in base 15?
23d4
Convert -44093 (base 10) to base 13.
-170ba
Convert 11012322 (base 4) to base 12.
10136
What is -241 (base 12) in base 8?
-521
Convert -10261 (base 7) to base 9.
-3434
Convert 580 (base 12) to base 4.
30300
-11101111101 (base 2) to base 8
-3575
-1496 (base 14) to base 7
-13446
Convert -f (base 16) to base 10.
-15
-1024 (base 10) to base 11
-851
What is -118 (base 12) in base 15?
-ae
What is -119 (base 13) in base 5?
-1231
-100011110 (base 2) to base 4
-10132
1002300 (base 4) to base 3
12212020
What is -2723 (base 9) in base 3?
-2210210
What is 221030 (base 5) in base 13?
3629
-1046 (base 7) to base 2
-101111001
What is -157 (base 13) in base 12?
-181
Convert 5c (base 14) to base 13.
64
What is -22745 (base 11) in base 3?
-1200001022
What is e935 (base 16) in base 13?
21235
Convert 4 (base 7) to base 10.
4
What is 35113 (base 6) in base 15?
1743
What is 10149 (base 12) in base 11?
14804
Convert -325 (base 13) to base 11.
-44a
Convert 3411 (base 6) to base 16.
31f
What is 9155 (base 11) in base 8?
27600
Convert 24b (base 14) to base 6.
2043
What is 110010112 (base 3) in base 14?
3319
Convert -21120 (base 3) to base 10.
-204
What is 4a9 (base 16) in base 5?
14233
Convert 110013 (base 4) to base 2.
10100000111
Convert 3046 (base 8) to base 2.
11000100110
-4554 (base 7) to base 6
-11400
What is -65521 (base 7) in base 5?
-1011011
101100001 (base 2) to base 10
353
Convert 2c (base 15) to base 6.
110
What is 2522 (base 6) in base 15?
2bb
Convert -51002 (base 8) to base 4.
-11020002
13d6 (base 14) to base 9
4741
-11213230 (base 4) to base 11
-16328
What is -61554 (base 10) in base 2?
-1111000001110010
What is 90d8 (base 14) in base 10?
24886
Convert 101001100100 (base 2) to base 15.
bc5
12134 (base 7) to base 12
19b5
Convert -212 (base 6) to base 16.
-50
What is 1525 (base 11) in base 14?
a03
What is -7647 (base 10) in base 2?
-1110111011111
-12222 (base 7) to base 2
-110010000001
Convert 143034 (base 6) to base 13.
6286
-1010 (base 2) to base 3
-101
What is 11201111 (base 3) in base 15?
1047
Convert -4b1 (base 12) to base 2.
-1011000101
What is 2441 (base 6) in base 2?
1001011001
Convert -2012303 (base 4) to base 14.
-3203
Convert -10030 (base 4) to base 11.
-224
Convert 2b17 (base 15) to base 4.
2100133
Convert -193a (base 12) to base 4.
-233332
What is 27c8 (base 16) in base 9?
14865
Convert -100010011010 (base 2) to base 3.
-10000120
100010111111 (base 2) to base 8
4277
Convert 253 (base 6) to base 8.
151
-842 (base 16) to base 11
-1652
-71386 (base 9) to base 3
-2101102220
3b4e (base 15) to base 6
134402
What is -462a (base 13) in base 11?
-7434
Convert 300332 (base 5) to base 11.
7127
26125 (base 9) to base 10
17600
3a90 (base 15) to base 10
12510
What is 33043 (base 5) in base 14?
b85
What is -408 (base 11) in base 6?
-2140
What is -24610 (base 7) in base 10?
-6475
8153 (base 13) to base 12
a385
Convert -15421 (base 6) to base 8.
-4745
What is 950 (base 10) in base 5?
12300
-211221 (base 3) to base 5
-4434
1023132 (base 6) to base 8
141440
Convert -3102 (base 16) to base 15.
-3ab6
-15f (base 16) to base 